928489 composite?
True
Is 7982729 prime?
True
Is 36885991 a prime number?
False
Is 7467283 a composite number?
True
Is 18781289 a prime number?
True
Is 3069863 prime?
True
Is 48294767 prime?
True
Is 1133077 composite?
True
Is 254454329 a prime number?
True
Is 1544341 a prime number?
True
Is 504001 a prime number?
True
Is 3620567 prime?
True
Is 803119 a prime number?
True
Is 18026013 a prime number?
False
Is 587665343 a composite number?
False
Is 19879573 a composite number?
True
Is 879037 a composite number?
True
Is 87030371 a prime number?
True
Is 186365027 a prime number?
True
Is 1035043 prime?
True
Is 2423039 a prime number?
True
Is 771607 composite?
False
Is 66064979 a composite number?
True
Is 36562523 a composite number?
True
Is 5656751 prime?
False
Is 67330061 a prime number?
False
Is 20480113 a prime number?
False
Is 96586827 prime?
False
Is 15594721 prime?
False
Is 23306867 a prime number?
True
Is 17765381 composite?
False
Is 42281743 composite?
True
Is 1801817 composite?
False
Is 2089111 a prime number?
False
Is 50190857 prime?
True
Is 119823007 composite?
False
Is 1735205 composite?
True
Is 54015631 a prime number?
True
Is 15748913 a prime number?
True
Is 2709859 composite?
False
Is 2046923 a composite number?
True
Is 128776033 a composite number?
True
Is 6413609 prime?
True
Is 98506403 a prime number?
True
Is 46906721 prime?
True
Is 11371666 composite?
True
Is 2531791 a prime number?
False
Is 4004446 composite?
True
Is 28486421 composite?
False
Is 53130481 a prime number?
True
Is 64573043 prime?
True
Is 811289 composite?
False
Is 430886501 a composite number?
False
Is 5646281 a prime number?
True
Is 26848487 a composite number?
True
Is 766772315 prime?
False
Is 35513629 composite?
True
Is 1747199 a prime number?
False
Is 6050543 prime?
True
Is 544043 prime?
False
Is 27807947 composite?
False
Is 1802491 prime?
True
Is 8913239 composite?
False
Is 129397 composite?
True
Is 34379011 composite?
False
Is 19557389 a composite number?
True
Is 5475803 a prime number?
False
Is 63156991 a composite number?
True
Is 14878879 a prime number?
False
Is 271189229 a prime number?
True
Is 59216263 prime?
True
Is 37996397 prime?
True
Is 567151 a composite number?
True
Is 4723291 a prime number?
False
Is 16908751 composite?
True
Is 847367 a prime number?
True
Is 1419839 prime?
True
Is 409237513 prime?
True
Is 156262039 a prime number?
True
Is 15982117 a composite number?
False
Is 529538 a composite number?
True
Is 6420979 a composite number?
True
Is 7675247 prime?
True
Is 415213 a composite number?
False
Is 6401669 prime?
True
Is 27022241 a composite number?
False
Is 5482949 a composite number?
True
Is 423267545 a prime number?
False
Is 22510723 a prime number?
False
Is 4473979 prime?
False
Is 30121043 composite?
False
Is 2282951 composite?
True
Is 6071297 prime?
True
Is 8214509 prime?
True
Is 21475039 a prime number?
False
Is 39349133 prime?
False
Is 2340907 composite?
True
Is 371790491 a prime number?
True
Is 12256103 a prime number?
True
Is 533509 a composite number?
False
Is 7306319 prime?
True
Is 172509277 prime?
True
Is 66897949 composite?
False
Is 179183993 a composite number?
False
Is 73518253 prime?
False
Is 131667 prime?
False
Is 232274963 a prime number?
False
Is 476899 composite?
True
Is 1316869 a composite number?
False
Is 22799431 a prime number?
False
Is 113242523 a composite number?
False
Is 969239017 composite?
False
Is 62890609 a composite number?
False
Is 60042631 prime?
False
Is 1360271 a composite number?
True
Is 518831 a prime number?
True
Is 3342223 a composite number?
False
Is 25079 a composite number?
True
Is 22059669 prime?
False
Is 25186547 a prime number?
True
Is 8116909 a composite number?
False
Is 982301 composite?
False
Is 11218093 a composite number?
False
Is 90793021 prime?
False
Is 17827 composite?
False
Is 709035781 a prime number?
True
Is 7562111 composite?
False
Is 3323681 prime?
True
Is 1015233701 a prime number?
False
Is 4507421 composite?
False
Is 1273607 prime?
False
Is 1660957 a composite number?
False
Is 19961899 a prime number?
False
Is 26632519 prime?
False
Is 1217003869 a prime number?
False
Is 1515323 prime?
False
Is 1818323 composite?
True
Is 25496462 prime?
False
Is 13361353 prime?
False
Is 14718113 a prime number?
True
Is 2573657 a composite number?
False
Is 1462691 a prime number?
True
Is 1350101 a composite number?
False
Is 3263543 composite?
True
Is 34156363 composite?
False
Is 78632389 composite?
True
Is 2064649 composite?
False
Is 54742537 prime?
True
Is 132917789 composite?
False
Is 58942087 composite?
False
Is 11109071 prime?
False
Is 56522099 prime?
True
Is 2301883 a prime number?
True
Is 27352219 a composite number?
False
Is 1798253531 prime?
False
Is 139118311 a composite number?
False
Is 19164259 a prime number?
True
Is 90511307 composite?
True
Is 10905091 prime?
True
Is 51506041 prime?
True
Is 36149 a prime number?
False
Is 822355 composite?
True
Is 1779047 a prime number?
False
Is 1956161 a prime number?
True
Is 47851541 composite?
True
Is 5954986 a composite number?
True
Is 1686403247 composite?
True
Is 14377147 prime?
False
Is 122567683 composite?
True
Is 11467307 a prime number?
True
Is 9363883 a prime number?
True
Is 590867 a prime number?
True
Is 16815407 a composite number?
True
Is 473601731 composite?
False
Is 41841983 prime?
False
Is 45276211 prime?
True
Is 9374501 prime?
False
Is 8271917 a prime number?
False
Is 448451 composite?
False
Is 33092029 a prime number?
False
Is 18865549 a composite number?
True
Is 18736459 composite?
True
Is 170654279 a composite number?
True
Is 85159 a composite number?
False
Is 28597 composite?
False
Is 89603747 composite?
False
Is 706457 a composite number?
True
Is 223461869 a composite number?
True
Is 10128593 a composite number?
False
Is 208650203 a prime number?
False
Is 168809197 a prime number?
False
Is 11208473 composite?
False
Is 4993601 a composite number?
True
Is 160309 prime?
True
Is 1294381 a prime number?
False
Is 455804801 composite?
True
Is 430761413 prime?
False
Is 2709467 prime?
True
Is 4103669 composite?
True
Is 24453397 prime?
False
Is 1468387 a prime number?
True
Is 23614357 prime?
False
Is 2932739 a prime number?
False
Is 471227 prime?
False
Is 4190581 composite?
True
Is 183830779 a composite number?
True
Is 849245779 a composite number?
False
Is 45939347 a prime number?
False
Is 555730361 a composite number?
True
Is 2422873 a prime number?
True
Is 5580767 a prime number?
True
Is 744019 prime?
True
Is 26077 prime?
False
Is 43091007 composite?
True
Is 3717983 a composite number?
True
Is 2428427 composite?
False
Is 30531313 a composite number?
True
Is 70848553 a prime number?
True
Is 128286941 a prime number?
False
Is 15596141 a composite number?
True
Is 65477387 composite?
True
Is 14081479 composite?
True
Is 184649123 a prime number?
False
Is 234499 prime?
True
Is 3843121 prime?
True
Is 247193 prime?
True
Is 1626782167 composite?
False
Is 15172099 a prime number?
True
Is 217858945 a prime number?
False
Is 296665 a prime number?
False
Is 146881957 a prime number?
False
Is 2982391 a composite number?
True
Is 7153733 a composite number?
False
Is 200416919 a prime number?
True
Is 84872311 a composite number?
True
Is 7460899 prime?
False
Is 370759897 a composite number?
False
Is 5678007 a prime number?
False
Is 50356687 composite?
False
Is 39392845 a prime number?
False
Is 1714591 a prime number?
True
Is 535071773 a prime number?
True
Is 3176497 prime?
False
Is 70650947 prime?
True
Is 527441 a composite number?
False
Is 54999713 a prime number?
True
Is 11303509 a composite number?
True
Is 63901 a composite number?
False
Is 4226483 prime?
False
Is 11126767 a composite number?
True
Is 25942439 a prime number?
False
Is 1430587 a prime number?
True
Is 4842431 composite?
True
Is 2039566 prime?
False
Is 130185217 a prime number?
True
Is 11972761 a composite number?
False
Is 687008503 composite?
False
Is 6154729 prime?
False
Is 50554979 a composite number?
True
Is 90743623 a composite number?
True
Is 5143483 a prime number?
True
Is 15727211 a prime number?
True
Is 2031401 composite?
True
Is 1707757 prime?
True
Is 2885863 a composite number?
False
Is 108852103 composite?
True
Is 18217555 composite?
True
Is 584656973 a composite number?
Fals